{"id":1029,"date":"2022-11-16T20:30:10","date_gmt":"2022-11-16T20:30:10","guid":{"rendered":"https:\/\/otaharin.org\/?page_id=1029"},"modified":"2023-06-30T07:25:33","modified_gmt":"2023-06-30T07:25:33","slug":"agro-plan","status":"publish","type":"page","link":"https:\/\/otaharin.org\/?page_id=1029","title":{"rendered":"Agro plan"},"content":{"rendered":"\t\t<div data-elementor-type=\"wp-post\" data-elementor-id=\"1029\" class=\"elementor elementor-1029\">\n\t\t\t\t\t\t\t\t\t<section class=\"elementor-section elementor-top-section elementor-element elementor-element-788acd7 elementor-section-boxed elementor-section-height-default elementor-section-height-default\" data-id=\"788acd7\" data-element_type=\"section\">\n\t\t\t\t\t\t<div class=\"elementor-container elementor-column-gap-default\">\n\t\t\t\t\t<div class=\"aux-parallax-section elementor-column elementor-col-50 elementor-top-column elementor-element elementor-element-9b4ad42\" data-id=\"9b4ad42\" data-element_type=\"column\">\n\t\t\t<div class=\"elementor-widget-wrap elementor-element-populated\">\n\t\t\t\t\t\t\t\t<div class=\"elementor-element elementor-element-61cd7b4 elementor-widget elementor-widget-image\" data-id=\"61cd7b4\" data-element_type=\"widget\" data-widget_type=\"image.default\">\n\t\t\t\t<div class=\"elementor-widget-container\">\n\t\t\t<style>\/*! elementor - v3.8.1 - 13-11-2022 *\/\n.elementor-widget-image{text-align:center}.elementor-widget-image a{display:inline-block}.elementor-widget-image a img[src$=\".svg\"]{width:48px}.elementor-widget-image img{vertical-align:middle;display:inline-block}<\/style>\t\t\t\t\t\t\t\t\t\t\t\t<img loading=\"lazy\" decoding=\"async\" width=\"300\" height=\"300\" src=\"https:\/\/otaharin.org\/wp-content\/uploads\/2023\/06\/Agro-plan-logo-300x300.jpg\" class=\"attachment-medium size-medium\" alt=\"\" srcset=\"https:\/\/otaharin.org\/wp-content\/uploads\/2023\/06\/Agro-plan-logo-300x300.jpg 300w, https:\/\/otaharin.org\/wp-content\/uploads\/2023\/06\/Agro-plan-logo-1024x1024.jpg 1024w, https:\/\/otaharin.org\/wp-content\/uploads\/2023\/06\/Agro-plan-logo-150x150.jpg 150w, https:\/\/otaharin.org\/wp-content\/uploads\/2023\/06\/Agro-plan-logo-768x768.jpg 768w, https:\/\/otaharin.org\/wp-content\/uploads\/2023\/06\/Agro-plan-logo-1536x1536.jpg 1536w, https:\/\/otaharin.org\/wp-content\/uploads\/2023\/06\/Agro-plan-logo-2048x2048.jpg 2048w\" sizes=\"auto, (max-width: 300px) 100vw, 300px\" \/>\t\t\t\t\t\t\t\t\t\t\t\t\t\t\t<\/div>\n\t\t\t\t<\/div>\n\t\t\t\t\t<\/div>\n\t\t<\/div>\n\t\t\t\t<div class=\"aux-parallax-section elementor-column elementor-col-50 elementor-top-column elementor-element elementor-element-827a31a\" data-id=\"827a31a\" data-element_type=\"column\">\n\t\t\t<div class=\"elementor-widget-wrap elementor-element-populated\">\n\t\t\t\t\t\t\t\t<div class=\"elementor-element elementor-element-2228efd elementor-aspect-ratio-169 elementor-widget elementor-widget-video\" data-id=\"2228efd\" data-element_type=\"widget\" data-settings=\"{&quot;video_type&quot;:&quot;hosted&quot;,&quot;autoplay&quot;:&quot;yes&quot;,&quot;play_on_mobile&quot;:&quot;yes&quot;,&quot;controls&quot;:&quot;yes&quot;,&quot;aspect_ratio&quot;:&quot;169&quot;}\" data-widget_type=\"video.default\">\n\t\t\t\t<div class=\"elementor-widget-container\">\n\t\t\t<style>\/*! elementor - v3.8.1 - 13-11-2022 *\/\n.elementor-widget-video .elementor-widget-container{overflow:hidden;-webkit-transform:translateZ(0);transform:translateZ(0)}.elementor-widget-video .elementor-open-inline .elementor-custom-embed-image-overlay{position:absolute;top:0;left:0;width:100%;height:100%;background-size:cover;background-position:50%}.elementor-widget-video .elementor-custom-embed-image-overlay{cursor:pointer;text-align:center}.elementor-widget-video .elementor-custom-embed-image-overlay:hover .elementor-custom-embed-play i{opacity:1}.elementor-widget-video .elementor-custom-embed-image-overlay img{display:block;width:100%}.elementor-widget-video .e-hosted-video .elementor-video{-o-object-fit:cover;object-fit:cover}.e-con-inner>.elementor-widget-video,.e-con>.elementor-widget-video{width:var(--container-widget-width,100%)}<\/style>\t\t<div class=\"e-hosted-video elementor-wrapper elementor-fit-aspect-ratio elementor-open-inline\">\n\t\t\t\t\t<video class=\"elementor-video\" src=\"https:\/\/otaharin.org\/wp-content\/uploads\/2023\/06\/DOO-Agroplan-Socijalno-preduzece.mp4\" autoplay=\"\" controls=\"\" playsinline=\"\" controlsList=\"nodownload\"><\/video>\n\t\t\t\t<\/div>\n\t\t\t\t<\/div>\n\t\t\t\t<\/div>\n\t\t\t\t\t<\/div>\n\t\t<\/div>\n\t\t\t\t\t\t\t<\/div>\n\t\t<\/section>\n\t\t\t\t<section class=\"elementor-section elementor-top-section elementor-element elementor-element-37ae4e6 elementor-section-boxed elementor-section-height-default elementor-section-height-default\" data-id=\"37ae4e6\" data-element_type=\"section\">\n\t\t\t\t\t\t<div class=\"elementor-container elementor-column-gap-default\">\n\t\t\t\t\t<div class=\"aux-parallax-section elementor-column elementor-col-100 elementor-top-column elementor-element elementor-element-9041d7a\" data-id=\"9041d7a\" data-element_type=\"column\">\n\t\t\t<div class=\"elementor-widget-wrap elementor-element-populated\">\n\t\t\t\t\t\t\t\t<div class=\"elementor-element elementor-element-93adfe0 elementor-widget elementor-widget-text-editor\" data-id=\"93adfe0\" data-element_type=\"widget\" data-widget_type=\"text-editor.default\">\n\t\t\t\t<div class=\"elementor-widget-container\">\n\t\t\t<style>\/*! elementor - v3.8.1 - 13-11-2022 *\/\n.elementor-widget-text-editor.elementor-drop-cap-view-stacked .elementor-drop-cap{background-color:#818a91;color:#fff}.elementor-widget-text-editor.elementor-drop-cap-view-framed .elementor-drop-cap{color:#818a91;border:3px solid;background-color:transparent}.elementor-widget-text-editor:not(.elementor-drop-cap-view-default) .elementor-drop-cap{margin-top:8px}.elementor-widget-text-editor:not(.elementor-drop-cap-view-default) .elementor-drop-cap-letter{width:1em;height:1em}.elementor-widget-text-editor .elementor-drop-cap{float:left;text-align:center;line-height:1;font-size:50px}.elementor-widget-text-editor .elementor-drop-cap-letter{display:inline-block}<\/style>\t\t\t\t<p>Krajem 2017.godine Udru\u017eenje gra\u0111ana za promociju obrazovanja Roma \u201eOtaharin\u201c svoje napore usmjerava ka stvaranju boljeg polo\u017eaja, boljeg \u017eivota i budu\u0107nosti za \u017eene iz marginalizovanih skupina dru\u0161tva, pomjera granice i pravi jo\u0161 jedan veliki iskorak osnivaju\u0107i socijalno preduze\u0107e D.O.O. \u201eAGRO- PLAN\u201c.&nbsp;<\/p>\n<p>Ve\u0107 tada, znali smo da \u0107e na putu ekonomskog osna\u017eivanja, sticanja dodatnih vje\u0161tina i znanja te konkurentnosti na tr\u017ei\u0161tu rada \u017eena iz marginlizovanih skupina, osnivanje preduze\u0107a D.O.O. \u201eAGRO- PLAN\u201c \u010diniti siguran i veliki korak.&nbsp;<\/p>\n<p>Prvi korak je, \u010dini nam se bio i najdu\u017ei i najte\u017ei. Veliki broj pitanja i prepreka otklonili smo zahvaljuju\u0107i pomo\u0107i Gradske uprave Grada Bijeljina koja nam je dodijelila poljoprivredno zemlji\u0161te na kori\u0161tenje kao i podr\u0161ci organizacije GIZ gdje je u okviru projekta \u201eEkonomsko osna\u017eivanje \u017eena kroz plasteni\u010dku proizvodnju\u201c organizovan niz obuka za vi\u0161e od 20 \u017eena iz marginalizovanih skupina za rad u poljoprivrednoj proizvodnji i postavljen prvi plastenik.<\/p>\n<p>Vode\u0107i se ciljem stvaranja ekonomske stabilnosti \u017eena iz marginalizovnih skupina dru\u0161tva, tokom 2018.godine preduze\u0107e D.O.O. \u201eAGRO-PLAN\u201c kre\u0107e u prvu poljoprivrednu proizvodnju organskog povr\u0107a. Ka ovom cilju, preduze\u0107e kre\u0107e plasiranjem organskih proizvoda uzgajanih na zemlji\u0161noj<br>parceli, van gradske buke i zaga\u0111enja, \u010dija je ukupna povr\u0161ina 0,61 ha. Organska proizvodnja se vrijednim rukama zaposlenih organizuje u plastenicima ukupne povr\u0161ine 2 600 m\u00b2 i ostalim dijelom na otvorenom polju. Tokom godine, organizuju se dva procesa proizvodnje, jesenja i prolje\u0107na sjetva. U ranu jesen vr\u0161i se proizvodnja lisnatog povr\u0107a, poput zelene salate, \u0161pinata, blitve, rukole i mladog luka koje zainteresovani kupci mogu ve\u0107 u rano prolje\u0107e naru\u010diti. Prolje\u0107e je ipak idealno za proizvodnju plodovitog povr\u0107a poput paprike roge i babure, paradajza i \u010deri paradajza, patlid\u017eana, krastavaca, tikvica, kupusa, cvekle, rotkve i boranije, koji se mogu na\u0107i na trpezi kupaca tokom ljetnih mjeseci i po\u010detka jesenjih dana.<\/p>\n<p>Shodno tome, da se organska prozvodnja odvija u izolovanom podru\u010dju od zaga\u0111enja, postoje svi preduslovi za proizvodnju zdravstveno bezbjedne i visokokvalitetne hrane na podru\u010dju Semberije.<\/p>\n<p>Put proizvodnje organske hrane, kojim je preduze\u0107e krenulo od samog osnivanja, jo\u0161 uvijek nije dovoljno razvijen iako je poslednjih godina organska proizvodnja zabilje\u017eila zna\u010dajan porast. Pored toga, svjest potro\u0161a\u010da o zna\u010daju konzumacije organske hrane je tako\u0111e po\u010dela da se mjenja i raste naro\u010dito u velikim gradskim sredinama gdje je ponuda organskih proizvoda i najve\u0107a. Me\u0111utim, \u010dinjenica je da svjest potro\u0161a\u010da o konzumaciji organske zdravstveno bezbjedne hrane i dalje nije na zavidnom nivou te da je njihovo povjerenje u organske proizvode nije u velikoj mjeri zastupljeno.<\/p>\n<p>Stoga, preduze\u0107e pokre\u0107e proces sertifikacije organske proizvodnje kao jedini vid garancije da su proizvodi uzgojeni bez \u0161tetnih hemikalija. Proces sertifikacije je zapo\u010det kod ovla\u0161tene sertifikacione ku\u0107e \u201eOrganska kontrola\u201c koja djeluje na podru\u010dju Bosne i Hercegovine. Uz potpunu posve\u0107enost<br>na\u010delima i principima organske proizvodnje, prvi sertifikat je dobijen tokom 2019.godine i nastavljeno je njegovo obnavljanje tokom narednih godina. Krajem 2022. godine sertifikaciju organske proizvodnje preuzima druga sertifikaciona ku\u0107a \u201eOrganic Control System\u201c iz Subotice.<\/p>\n<p>Pro\u0161irenje asortimana organskih proizvoda izvr\u0161eno je tokom 2021.godine kada je preduze\u0107e uz pomo\u0107 donatorskih sredstava uspostavilo liniju prerade organskog povr\u0107a i vo\u0107a. Kao rezultat toga, za sve ljubitelje hrane pripremljene po tradicionalnim receptima, pripremljeni su prvi organski<br>sertifikovani gotovi proizvodi sa podru\u010dja Semberije &#8211; ORGANSKI AJVAR i SOK OD PARADAJZA.<\/p>\n<p>Da je prisutna maksimalna posve\u0107enost osoba zaposlenih u preduze\u0107u ka marljivom radu i trudu te da sve \u0161to radimo nije uzalud potvr\u0111uje i Priznanje u kategoriji za prepoznatljiv kvalitet i razvoj&nbsp;<span style=\"font-size: 16.0016px;\">doma\u0107eg proizvoda-NA\u0160E JE BOLJE koje je preduze\u0107e D.O.O. \u201eAGRO-PLAN\u201c dobilo tokom&nbsp;<\/span><span style=\"font-size: 16.0016px;\">2022.godine u okviru manifestacije &#8220;Izbor najuspje\u0161nijih u privredi Republike Srpske za 2021. godinu\u201c.<\/span><\/p>\n<p>Predanost u proizvodnju koju daju zaposlene osobe preduze\u0107a je dio zahvalnosti prema kupcima koji pored brige o svom zdravlju brinu i o potrebama onih kojima je pomo\u0107 potrebna. Kupovinom proizvoda preduze\u0107a D.O.O. \u201eAGRO-PLAN\u201c zasigurno omogu\u0107avate dostojanstvenu zaradu i<br>ekonomsku sigurnost za zaposlene osobe iz marginalizovanih skupina u ovom dru\u0161tveno odgovornom preduze\u0107u.<\/p>\n<p>Uvjerite se u kvalitet organskih proizvoda i naru\u010dite svoju dozu zdravlja pozivom na broj 065\/469-273 ili nas posjetite na adresi proizvodnje u ulici Ilije Gara\u0161anina bb u Bijeljini. Budete dio rje\u0161enja za socijalne probleme dana\u0161njice. Budite dio onih koji brinu o sebi i drugima.<\/p>\n<p><\/p>\t\t\t\t\t\t<\/div>\n\t\t\t\t<\/div>\n\t\t\t\t\t<\/div>\n\t\t<\/div>\n\t\t\t\t\t\t\t<\/div>\n\t\t<\/section>\n\t\t\t\t<section class=\"elementor-section elementor-top-section elementor-element elementor-element-42ef1e3 elementor-section-boxed elementor-section-height-default elementor-section-height-default\" data-id=\"42ef1e3\" data-element_type=\"section\">\n\t\t\t\t\t\t<div class=\"elementor-container elementor-column-gap-default\">\n\t\t\t\t\t<div class=\"aux-parallax-section elementor-column elementor-col-33 elementor-top-column elementor-element elementor-element-1e06191\" data-id=\"1e06191\" data-element_type=\"column\">\n\t\t\t<div class=\"elementor-widget-wrap elementor-element-populated\">\n\t\t\t\t\t\t\t\t<div class=\"aux-parallax-piece elementor-element elementor-element-2ec44ed aux-appear-watch-animation aux-fade-in elementor-widget elementor-widget-aux_modern_button\" data-parallax-origin=\"middle\" data-parallax-depth=\"0.15\" data-parallax-off=\"1024\" data-id=\"2ec44ed\" data-element_type=\"widget\" data-widget_type=\"aux_modern_button.default\">\n\t\t\t\t<div class=\"elementor-widget-container\">\n\t\t\t    <div class=\"aux-modern-button-wrapper aux-modern-button-align-left\" >\n        <span class=\"aux-lightbox-video \">            <a class=\"aux-modern-button aux-warning aux-modern-button-md aux-modern-button-curve aux-modern-button-default aux-icon- aux-open-video\" href=\"https:\/\/otaharin.org\/wp-content\/uploads\/2023\/06\/AgroPlan_LOC.pdf\" target=\"_blank\" data-type=\"video\">\n                <div class=\"aux-overlay\"><\/div>\n                                    <div class=\"aux-icon \">\n                                            <\/div>\n                                <div class=\"aux-text\">\n<span class=\"aux-text-before\">Najbolje prakse - Poljoprivredni biznis i zajednice<\/span>                <\/div>\n            <\/a>\n            <\/span>\n    <\/div>\n\n    \t\t<\/div>\n\t\t\t\t<\/div>\n\t\t\t\t\t<\/div>\n\t\t<\/div>\n\t\t\t\t<div class=\"aux-parallax-section elementor-column elementor-col-33 elementor-top-column elementor-element elementor-element-d907a00\" data-id=\"d907a00\" data-element_type=\"column\">\n\t\t\t<div class=\"elementor-widget-wrap elementor-element-populated\">\n\t\t\t\t\t\t\t\t<div class=\"aux-parallax-piece elementor-element elementor-element-0fb0569 aux-appear-watch-animation aux-fade-in elementor-widget elementor-widget-aux_modern_button\" data-parallax-origin=\"middle\" data-parallax-depth=\"0.15\" data-parallax-off=\"1024\" data-id=\"0fb0569\" data-element_type=\"widget\" data-widget_type=\"aux_modern_button.default\">\n\t\t\t\t<div class=\"elementor-widget-container\">\n\t\t\t    <div class=\"aux-modern-button-wrapper aux-modern-button-align-left\" >\n        <span class=\"aux-lightbox-video \">            <a class=\"aux-modern-button aux-warning aux-modern-button-md aux-modern-button-curve aux-modern-button-default aux-icon- aux-open-video\" href=\"https:\/\/otaharin.org\/wp-content\/uploads\/2023\/06\/Sertifikat-za-organske-svjeze-i-gotove-proizvode.pdf\" data-type=\"video\">\n                <div class=\"aux-overlay\"><\/div>\n                                    <div class=\"aux-icon \">\n                                            <\/div>\n                                <div class=\"aux-text\">\n<span class=\"aux-text-before\">Sertifikat organske proizvodnje<\/span>                <\/div>\n            <\/a>\n            <\/span>\n    <\/div>\n\n    \t\t<\/div>\n\t\t\t\t<\/div>\n\t\t\t\t\t<\/div>\n\t\t<\/div>\n\t\t\t\t<div class=\"aux-parallax-section elementor-column elementor-col-33 elementor-top-column elementor-element elementor-element-37b6cdb\" data-id=\"37b6cdb\" data-element_type=\"column\">\n\t\t\t<div class=\"elementor-widget-wrap elementor-element-populated\">\n\t\t\t\t\t\t\t\t<div class=\"elementor-element elementor-element-379bf35 elementor-widget elementor-widget-aux_touch_slider\" data-id=\"379bf35\" data-element_type=\"widget\" data-widget_type=\"aux_touch_slider.default\">\n\t\t\t\t<div class=\"elementor-widget-container\">\n\t\t\t<section class=\"widget-container aux-widget-touch-slider aux-widget-post-slider aux-parent-au97722eeb\" style=\"\" ><div class=\"master-carousel-slider aux-latest-posts-slider aux-no-js aux-light-skin\" data-empty-height=\"560\" data-navigation=\"peritem\" data-space=\"0\" data-auto-height=\"true\" data-delay=\"2\" data-loop=\"yes\" data-autoplay=\"1\">        <div class=\"aux-mc-item\" >\n                <div class=\"aux-slide-media\">\n                    <div class=\"aux-media-frame aux-media-image\"><img loading=\"lazy\" decoding=\"async\" width=\"960\" height=\"560\" src=\"https:\/\/otaharin.org\/wp-content\/uploads\/2023\/06\/AgroPlan_Feelgoodmajica-16-scaled-960x560.jpg\" class=\"auxin-attachment attachment-960x560\" alt=\"AgroPlan_Feelgoodmajica (16)\" \/><\/div>\n                <\/div>\n                    <\/div>\n\n        <div class=\"aux-mc-item\" >\n                <div class=\"aux-slide-media\">\n                    <div class=\"aux-media-frame aux-media-image\"><img loading=\"lazy\" decoding=\"async\" width=\"960\" height=\"560\" src=\"https:\/\/otaharin.org\/wp-content\/uploads\/2023\/06\/AgroPlan_Feelgoodmajica-21-scaled-960x560.jpg\" class=\"auxin-attachment attachment-960x560\" alt=\"AgroPlan_Feelgoodmajica (21)\" \/><\/div>\n                <\/div>\n                    <\/div>\n\n        <div class=\"aux-mc-item\" >\n                <div class=\"aux-slide-media\">\n                    <div class=\"aux-media-frame aux-media-image\"><img loading=\"lazy\" decoding=\"async\" width=\"960\" height=\"560\" src=\"https:\/\/otaharin.org\/wp-content\/uploads\/2023\/06\/AgroPlan_Feelgoodmajica-17-scaled-960x560.jpg\" class=\"auxin-attachment attachment-960x560\" alt=\"AgroPlan_Feelgoodmajica (17)\" \/><\/div>\n                <\/div>\n                    <\/div>\n\n        <div class=\"aux-mc-item\" >\n                <div class=\"aux-slide-media\">\n                    <div class=\"aux-media-frame aux-media-image\"><img loading=\"lazy\" decoding=\"async\" width=\"960\" height=\"560\" src=\"https:\/\/otaharin.org\/wp-content\/uploads\/2023\/06\/IMG-20210512-WA0001-960x560.jpg\" class=\"auxin-attachment attachment-960x560\" alt=\"IMG-20210512-WA0001\" \/><\/div>\n                <\/div>\n                    <\/div>\n\n        <div class=\"aux-mc-item\" >\n                <div class=\"aux-slide-media\">\n                    <div class=\"aux-media-frame aux-media-image\"><img loading=\"lazy\" decoding=\"async\" width=\"960\" height=\"560\" src=\"https:\/\/otaharin.org\/wp-content\/uploads\/2023\/06\/IMG_20180709_130757-scaled-960x560.jpg\" class=\"auxin-attachment attachment-960x560\" alt=\"IMG_20180709_130757\" \/><\/div>\n                <\/div>\n                    <\/div>\n\n        <div class=\"aux-mc-item\" >\n                <div class=\"aux-slide-media\">\n                    <div class=\"aux-media-frame aux-media-image\"><img loading=\"lazy\" decoding=\"async\" width=\"960\" height=\"560\" src=\"https:\/\/otaharin.org\/wp-content\/uploads\/2023\/06\/FB_IMG_1621945497588-960x560.jpg\" class=\"auxin-attachment attachment-960x560\" alt=\"FB_IMG_1621945497588\" \/><\/div>\n                <\/div>\n                    <\/div>\n\n        <div class=\"aux-next-arrow aux-arrow-nav aux-white aux-round aux-hover-slide\">\n            <span class=\"aux-overlay\"><\/span>\n            <span class=\"aux-svg-arrow aux-medium-right\"><\/span>\n            <span class=\"aux-hover-arrow aux-svg-arrow aux-medium-right\"><\/span>\n        <\/div>\n        <div class=\"aux-prev-arrow aux-arrow-nav aux-white aux-round aux-hover-slide\">\n            <span class=\"aux-overlay\"><\/span>\n            <span class=\"aux-svg-arrow aux-medium-left\"><\/span>\n            <span class=\"aux-hover-arrow aux-svg-arrow aux-medium-left\"><\/span>\n        <\/div>\n<\/div><!-- aux-col-wrapper --><\/section><!-- widget-container -->\t\t<\/div>\n\t\t\t\t<\/div>\n\t\t\t\t\t<\/div>\n\t\t<\/div>\n\t\t\t\t\t\t\t<\/div>\n\t\t<\/section>\n\t\t\t\t<section class=\"elementor-section elementor-top-section elementor-element elementor-element-2ddfb14 elementor-section-boxed elementor-section-height-default elementor-section-height-default\" data-id=\"2ddfb14\" data-element_type=\"section\">\n\t\t\t\t\t\t<div class=\"elementor-container elementor-column-gap-default\">\n\t\t\t\t\t<div class=\"aux-parallax-section elementor-column elementor-col-100 elementor-top-column elementor-element elementor-element-deecb7b\" data-id=\"deecb7b\" data-element_type=\"column\">\n\t\t\t<div class=\"elementor-widget-wrap elementor-element-populated\">\n\t\t\t\t\t\t\t\t<div class=\"elementor-element elementor-element-22f1b6a elementor-widget elementor-widget-aux_divider\" data-id=\"22f1b6a\" data-element_type=\"widget\" data-widget_type=\"aux_divider.default\">\n\t\t\t\t<div class=\"elementor-widget-container\">\n\t\t\t<hr class=\"aux-divider-symbolic-square aux-symbol-align-center\" >\t\t<\/div>\n\t\t\t\t<\/div>\n\t\t\t\t\t<\/div>\n\t\t<\/div>\n\t\t\t\t\t\t\t<\/div>\n\t\t<\/section>\n\t\t\t\t<section class=\"elementor-section elementor-top-section elementor-element elementor-element-d46b96d elementor-section-boxed elementor-section-height-default elementor-section-height-default\" data-id=\"d46b96d\" data-element_type=\"section\">\n\t\t\t\t\t\t<div class=\"elementor-container elementor-column-gap-default\">\n\t\t\t\t\t<div class=\"aux-parallax-section elementor-column elementor-col-50 elementor-top-column elementor-element elementor-element-8ced88f\" data-id=\"8ced88f\" data-element_type=\"column\">\n\t\t\t<div class=\"elementor-widget-wrap elementor-element-populated\">\n\t\t\t\t\t\t\t\t<div class=\"elementor-element elementor-element-b0063a1 elementor-widget elementor-widget-aux_staff\" data-id=\"b0063a1\" data-element_type=\"widget\" data-widget_type=\"aux_staff.default\">\n\t\t\t\t<div class=\"elementor-widget-container\">\n\t\t\t<section class=\"aux-wrap-style-simple widget-container aux-widget-staff aux-parent-au4c32e9e3\" style=\"\" >    <div class=\"aux-staff-container aux-staff-pos-right aux-staff-text-center aux-staff-text-dark \" >\n            <div class=\"aux-staff-header aux-staff-img-round-rect\">\n            <div class=\"aux-media-image\"><img loading=\"lazy\" decoding=\"async\" width=\"300\" height=\"300\" src=\"https:\/\/otaharin.org\/wp-content\/uploads\/2023\/06\/AgroPlan_Feelgoodmajica-5-scaled-40x40.jpg\" class=\" aux-preload aux-has-preview\" alt=\"AgroPlan_Feelgoodmajica (5)\" data-ratio=\"1\" data-original-w=\"2560\" sizes=\"auto\" data-srcset=\"https:\/\/otaharin.org\/wp-content\/uploads\/2023\/06\/AgroPlan_Feelgoodmajica-5-150x150.jpg 150w,https:\/\/otaharin.org\/wp-content\/uploads\/2023\/06\/AgroPlan_Feelgoodmajica-5-300x300.jpg 300w,https:\/\/otaharin.org\/wp-content\/uploads\/2023\/06\/AgroPlan_Feelgoodmajica-5-768x768.jpg 768w,https:\/\/otaharin.org\/wp-content\/uploads\/2023\/06\/AgroPlan_Feelgoodmajica-5-1024x1024.jpg 1024w,https:\/\/otaharin.org\/wp-content\/uploads\/2023\/06\/AgroPlan_Feelgoodmajica-5-300x300.jpg 300w\" data-src=\"https:\/\/otaharin.org\/wp-content\/uploads\/2023\/06\/AgroPlan_Feelgoodmajica-5-300x300.jpg\" \/><\/div>        <\/div>\n            <div class=\"aux-staff-content\">\n                        <h4 class=\"col-title\">Ljiljana Jankovi\u0107<\/h4>\n                        <h5 class=\"col-subtitle\">Master in\u017einjer poljoprivrede<\/h5>\n                    <\/div>\n\n    <\/div>\n\n\n<\/section><!-- widget-container -->\t\t<\/div>\n\t\t\t\t<\/div>\n\t\t\t\t\t<\/div>\n\t\t<\/div>\n\t\t\t\t<div class=\"aux-parallax-section elementor-column elementor-col-50 elementor-top-column elementor-element elementor-element-7e7c066\" data-id=\"7e7c066\" data-element_type=\"column\">\n\t\t\t<div class=\"elementor-widget-wrap elementor-element-populated\">\n\t\t\t\t\t\t\t\t<div class=\"elementor-element elementor-element-b9cff6d elementor-widget elementor-widget-aux_staff\" data-id=\"b9cff6d\" data-element_type=\"widget\" data-widget_type=\"aux_staff.default\">\n\t\t\t\t<div class=\"elementor-widget-container\">\n\t\t\t<section class=\"aux-wrap-style-simple widget-container aux-widget-staff aux-parent-au782a84f7\" style=\"\" >    <div class=\"aux-staff-container aux-staff-pos-right aux-staff-text-left aux-staff-text-dark \" >\n            <div class=\"aux-staff-header aux-staff-img-round-rect\">\n            <div class=\"aux-media-image\"><img loading=\"lazy\" decoding=\"async\" width=\"300\" height=\"300\" src=\"https:\/\/otaharin.org\/wp-content\/uploads\/2023\/06\/AgroPlan_Feelgoodmajica-2-copz-40x40.jpg\" class=\" aux-preload aux-has-preview\" alt=\"AgroPlan_Feelgoodmajica (2) copz\" data-ratio=\"1\" data-original-w=\"2298\" sizes=\"auto\" data-srcset=\"https:\/\/otaharin.org\/wp-content\/uploads\/2023\/06\/AgroPlan_Feelgoodmajica-2-copz-150x150.jpg 150w,https:\/\/otaharin.org\/wp-content\/uploads\/2023\/06\/AgroPlan_Feelgoodmajica-2-copz-300x300.jpg 300w,https:\/\/otaharin.org\/wp-content\/uploads\/2023\/06\/AgroPlan_Feelgoodmajica-2-copz-768x768.jpg 768w,https:\/\/otaharin.org\/wp-content\/uploads\/2023\/06\/AgroPlan_Feelgoodmajica-2-copz-1024x1024.jpg 1024w,https:\/\/otaharin.org\/wp-content\/uploads\/2023\/06\/AgroPlan_Feelgoodmajica-2-copz-300x300.jpg 300w\" data-src=\"https:\/\/otaharin.org\/wp-content\/uploads\/2023\/06\/AgroPlan_Feelgoodmajica-2-copz-300x300.jpg\" \/><\/div>        <\/div>\n            <div class=\"aux-staff-content\">\n                        <h4 class=\"col-title\">Dragana Ne\u0161kovi\u0107<\/h4>\n                        <h5 class=\"col-subtitle\">Diplomirani in\u017einjer poljoprivrede<\/h5>\n                    <\/div>\n\n    <\/div>\n\n\n<\/section><!-- widget-container -->\t\t<\/div>\n\t\t\t\t<\/div>\n\t\t\t\t\t<\/div>\n\t\t<\/div>\n\t\t\t\t\t\t\t<\/div>\n\t\t<\/section>\n\t\t\t\t\t\t\t<\/div>\n\t\t","protected":false},"excerpt":{"rendered":"<p>https:\/\/otaharin.org\/wp-content\/uploads\/2023\/06\/DOO-Agroplan-Socijalno-preduzece.mp4 Krajem 2017.godine Udru\u017eenje gra\u0111ana za promociju obrazovanja Roma \u201eOtaharin\u201c svoje napore usmjerava ka stvaranju boljeg polo\u017eaja, boljeg \u017eivota i budu\u0107nosti za \u017eene iz marginalizovanih skupina dru\u0161tva, pomjera granice i pravi jo\u0161 jedan veliki iskorak osnivaju\u0107i socijalno preduze\u0107e D.O.O. \u201eAGRO- PLAN\u201c.&nbsp; Ve\u0107 tada, znali smo da \u0107e na putu ekonomskog osna\u017eivanja, sticanja dodatnih vje\u0161tina i [&hellip;]<\/p>\n","protected":false},"author":1,"featured_media":0,"parent":0,"menu_order":0,"comment_status":"closed","ping_status":"closed","template":"","meta":{"footnotes":""},"class_list":["post-1029","page","type-page","status-publish","hentry"],"_links":{"self":[{"href":"https:\/\/otaharin.org\/index.php?rest_route=\/wp\/v2\/pages\/1029","targetHints":{"allow":["GET"]}}],"collection":[{"href":"https:\/\/otaharin.org\/index.php?rest_route=\/wp\/v2\/pages"}],"about":[{"href":"https:\/\/otaharin.org\/index.php?rest_route=\/wp\/v2\/types\/page"}],"author":[{"embeddable":true,"href":"https:\/\/otaharin.org\/index.php?rest_route=\/wp\/v2\/users\/1"}],"replies":[{"embeddable":true,"href":"https:\/\/otaharin.org\/index.php?rest_route=%2Fwp%2Fv2%2Fcomments&post=1029"}],"version-history":[{"count":67,"href":"https:\/\/otaharin.org\/index.php?rest_route=\/wp\/v2\/pages\/1029\/revisions"}],"predecessor-version":[{"id":1645,"href":"https:\/\/otaharin.org\/index.php?rest_route=\/wp\/v2\/pages\/1029\/revisions\/1645"}],"wp:attachment":[{"href":"https:\/\/otaharin.org\/index.php?rest_route=%2Fwp%2Fv2%2Fmedia&parent=1029"}],"curies":[{"name":"wp","href":"https:\/\/api.w.org\/{rel}","templated":true}]}}